**2 - q**3 + 317*q**2 - 8 + 412*q**2 - 9*q. Give a(-7).
6
Let j(f) = -2*f - 3. Suppose -5*a = -5*m - 130, 4*a - 63 = -4*m - 199. Let o = m + 26. Calculate j(o).
5
Let y(u) = -2*u + 2*u - 4*u**2 + u**3. Suppose -5*z - 5*h = 25, -58*z = -62*z - h + 4. Give y(z).
-9
Let d(s) = s**2 - 21*s + 11. Let g(u) = u**3 - 30*u**2 + 33*u - 96. Let b be g(29). Give d(b).
-9
Let w(k) = -15*k + 46*k + 232*k**2 - 118*k**2 + 53*k - 110*k**2 - 6. Calculate w(-21).
-6
Suppose -18*w + 5044 = 1102. Suppose w = -36*o + 39. Let b(s) = -5 - 5*s - s**2 - 2*s + 0*s. Calculate b(o).
5
Let w(a) = 24*a - 5. Let j(p) = 20*p - 7. Let f(l) = -3*j(l) + 2*w(l). What is f(3)?
-25
Let a(n) = 10*n - 38. Let z(w) = 22*w + 787. Let i be z(-36). What is a(i)?
-88
Suppose 4*p = 2*y - 0*p - 4, 2*p = 2*y + 6. Suppose -4*i - 26 + 86 = 0. Let g(w) = 23*w - i*w - 4 - 9*w. Determine g(y).
4
Suppose 206*i - 8416 + 716 = -69*i. Let g(w) be the first derivative of i + 1/2*w**2 + 4*w. Give g(-4).
0
Let q(y) be the first derivative of -19*y**2 - y + 1196. Give q(-1).
37
Let f(t) = 29*t + 164 - 304 + 107 + 214. Give f(-6).
7
Let y = 22 + -16. Let l = -181 + 198. Let n(f) = l*f + 10 - 1 - 23*f. Determine n(y).
-27
Suppose 52 + 15 = -18*k + 13. Let y(o) = 5*o + 22. Determine y(k).
7
Let k(h) = -77*h**2 + h + 71. Let i(l) = 192*l**2 - 2*l - 143. Let y(g) = 2*i(g) + 5*k(g). Give y(8).
13
Suppose -3*j = -5*i + 26, 3*i + 18 = 5*j - 6*j. Let f(r) = r**3 + 13*r**2 + 10*r - 3. Determine f(j).
21
Let h(r) = 0*r**2 - 10160 - 3*r**2 + 4*r**2 - 13*r + 10194. Give h(4).
-2
Let f(v) be the second derivative of v**5/20 + 3*v**4/2 + v**3/6 + 37*v**2/2 - 629*v - 1. Determine f(-18).
19
Let n(m) = m**2 - 4*m - 8. Let k(y) = 2*y**2 - 3*y - 8. Let i(g) = g**2 - 3*g - 2. Let h be i(0). Let t(x) = h*k(x) + 3*n(x). Determine t(-4).
0
Let x(a) = 9*a + 3. Let d(n) = -6*n - 1. Let j(h) = 14*d(h) + 9*x(h). Give j(1).
10
Let j(m) = 28*m - 1. Let y = -136 - -234. Let h = 110 - y. Suppose -4*n = -4*v + h, -4*n + 3*v = 4*v + 2. Give j(n).
-29
Let l be 147/42 + (-2)/(-4). Let n(u) = -37*u**2 - l*u - 51 + 38*u**2 + 55. Let q = 3 + 1. Give n(q).
4
Let f(r) = -2*r. Let p(v) = -v**2 - 8*v - 7. Let d be p(-6). Suppose 4*n + 9 = 3*i, -d*n = -n. Calculate f(i).
-6
Let u(g) = 6*g**2 - 53 - 83*g - 17*g**2 + 4*g**2 + 6*g**2 + 81*g. Calculate u(0).
-53
Let s = 859 - 857. Let i(u) = -u**2 + 7*u + 4. Let f be i(6). Let m(z) = 2 + f*z + 3*z - 9*z. Give m(s).
10
Let w be ((-30268)/(-168))/47 - (1/1)/(-6). Let h(t) = -20*t + 8. Calculate h(w).
-72
Let x(o) be the third derivative of o**6/40 + o**5/10 + o**4/4 - o**3/6 - 419*o**2 - 2*o. Determine x(-3).
-46
Let l(j) = j**2 + 6*j + 9. Suppose 0 = -2*w + 53 - 35. Let x be (-6)/w*15 - 4. Let f be ((-3)/18*x)/((-3)/9). Determine l(f).
16
Let u(o) = -12*o + 272. Let m = -3663 + 3684. Calculate u(m).
20
Suppose 44*k = -10*k - 5*k - 59. Let h(q) = -q**2 - 5*q. Let y be h(-5). Let r(z) = -14*z**2 + 0 + y. Give r(k).
-14
Let g be (-36)/(-16)*(-13 - (-86)/6). Let d(u) = u**3 - 9*u**2 + 11*u - 4. Calculate d(g).
-25
Suppose -29*i = -27*i - 2. Suppose 23 = 3*f - 4*l + 3, 0 = -l + i. Let b(h) = h**3 - 7*h**2 - 9*h + 3. Determine b(f).
-5
Let v = 378 - 378. Let i(r) = v + 6 - 2*r + 4 - 14. Give i(7).
-18
Suppose -1764*b + 240 = -1761*b. Suppose 6*d - d + 40 = 0. Let p be ((-100)/b)/(1/d - 0). Let a(u) = u**3 - 9*u**2 - 12*u + 13. Give a(p).
-7
Let p(q) = -21*q - 13. Let n be -6 + (3 - -9) - 9. Determine p(n).
50
Let z(m) = -82*m**2 + 46*m - 19. Let j(o) = 15*o**2 - 9*o + 4. Let d(g) = -11*j(g) - 2*z(g). Give d(5).
4
Suppose 0 = -x - 4*h - 53, 5*h + 38 - 3 = 0. Let l(t) = 9*t + 224. Determine l(x).
-1
Let y(f) = 3*f + 4. Let w(r) = -4*r - 5. Let h(m) = 4*w(m) + 5*y(m). Suppose 8*x + 189 = -x. Let o = 22 + x. Determine h(o).
-1
Let z(s) = -61*s**2 + 67*s**2 - 4 - 27*s - s**2. Let i(y) = 2*y**2 - 10*y - 1. Let l(f) = 8*i(f) - 3*z(f). Give l(0).
4
Let g be 10*((5/(-1) - 216/(-96)) + 3). Let j(w) be the first derivative of -g*w**2 + 4*w - 3. Determine j(4).
-16
Let y(v) be the third derivative of -7/12*v**4 - 1/6*v**3 - 2 + 41*v**2 + 0*v. Calculate y(2).
-29
Let j(n) be the third derivative of n**6/120 - 7*n**5/20 + 11*n**4/12 - 47*n**3/6 + 1952*n**2. Determine j(20).
-7
Let b(t) be the second derivative of -11*t**3/6 - 2*t**2 - 3721*t. What is b(-1)?
7
Let l(z) = z**2 - z - 29. Suppose -2*a = -g - 17, 32 = -4*g + 37*a - 35*a. Calculate l(g).
1
Let d(t) = 7*t + 12. Suppose -2*o + 5*z = -21, -30*o + 31*o - 2*z = 8. What is d(o)?
-2
Let p(c) = -142*c**2 + 11*c - 1. Let o(m) = 107*m**2 - 10*m. Let v(r) = 4*o(r) + 3*p(r). Calculate v(5).
12
Let u(v) = -2*v - 42. Let c(x) = 3*x + 52. Let k(p) = -3*c(p) - 4*u(p). Let b be 0 + -3 - (2 - 13)*1. Determine k(b).
4
Let j be 3/(-4)*8/(-3). Suppose 2*g - 4 = 4*g - 4*m, -11 = -j*g - m. Let c(t) = -113*t + t**2 - g*t**3 + t**2 + 112*t. Determine c(1).
-3
Let q(c) be the second derivative of 1/60*c**5 + 5/24*c**4 + 2/3*c**3 - 15/2*c**2 + 0 - 8*c. Let t(p) be the first derivative of q(p). Determine t(-5).
4
Let i(d) = 8*d - 10. Let h(a) = a**2 - 247*a + 1205. Let t be h(5). Determine i(t).
-50
Let f(d) be the second derivative of d**5/10 + 4*d**4/3 + 2*d**3 - 3*d**2/2 - 1524*d. Calculate f(-7).
11
Let h(u) = -811*u + 14945 + 797*u - 15061. Determine h(-7).
-18
Let x(j) = 0*j**3 - 515*j - 6 + 1563*j - 530*j + j**3 - 515*j + 4*j**2. What is x(-4)?
-18
Suppose -3*b - 5*i + 20 = 0, 3*b + 21 = 3*i + 33. Let j(d) = 5*d**2 - 30*d + 6. Determine j(b).
-19
Let o(l) = -l**2 - 19*l + 69. Let n be (69/12)/((-30)/120). Calculate o(n).
-23
Let y be 5 + ((-40)/(-80))/((-2)/8). Suppose -y*u - 12*u + 45 = 0. Let v(n) = -2*n - 1. What is v(u)?
-7
Let o(s) = -6*s - 18. Let q = -3277 - -3273. Give o(q).
6
Let y = 79 + -75. Let u be ((-5)/((-20)/6))/(2/y). Let c(d) = 22*d + 1 - 23*d - u. Calculate c(-5).
3
Let z = 146 + 49. Let x be (-9)/6 - z/(-26). Let h(u) = u**2 - 5*u + 7. Calculate h(x).
13
Let w(n) be the third derivative of -5*n**4/12 - 23*n**3/3 + 218*n**2 - 4. What is w(-3)?
-16
Let p(g) be the second derivative of 1/2*g**2 + 1/4*g**4 + 58*g - 1/20*g**5 - 1 + 1/6*g**3. What is p(4)?
-11
Let r(x) = 105*x + 204. Suppose -g = -l - 1, -893*l = 4*g - 890*l + 17. Determine r(g).
-6
Suppose 0 = -3*z + 11 - 8, 4*z - 2524 = -5*o. Let b(p) = 503*p**3 - o*p**3 + 7*p**2 + 0*p + p. Determine b(7).
7
Let x(p) = 29*p - 13*p - 7*p + 2*p**2 - p**3 + 1 - 4. Calculate x(4).
1
Let a(m) = 5*m + 2. Let b(o) = 9*o. Let d(v) = 4*a(v) - 3*b(v). Let n(z) = -z**2 - 7*z - 4. Let j be n(-5). Calculate d(j).
-34
Let t(z) = -543101 + 5*z - 6*z + 543087. Calculate t(-11).
-3
Let b(y) be the first derivative of -5/2*y**2 - 9 - 2/3*y**3 + 8*y. Give b(-6).
-34
Suppose -5*v = 2*c - 23, -457*c + 461*c + 59 = 5*v. Let u(n) = 12*n + 67. Give u(c).
-5
Suppose 7*f - 24*f + 4*f + 143 = 0. Let i(d) be the second derivative of d**4/12 - 11*d**3/6 + 8*d**2 - 2*d. Determine i(f).
16
Let s(h) = -6*h**2 + 0*h**2 + h**2 - 11*h + 4*h**2 + 11. Suppose 9*n - 1 = -2*o + 4*n, 5*n = 2*o + 49. Calculate s(o).
-1
Suppose 9*y = 3*y + 24. Let t(k) = -27*k - y + 51*k - 23*k - k**2. Calculate t(2).
-6
Let f(u) be the second derivative of u**4/4 - 7*u**3/3 + 13*u**2/2 - 2550*u. Calculate f(6).
37
Let l(f) = -32*f + 738. Let c(t) = 8*t - 182. Let b(h) = -25*c(h) - 6*l(h). What is b(15)?
2
Let v = 46261 - 46263. Let y(f) = -f - f - 9*f. Give y(v).
22
Let d(s) be the second derivative of -126*s - 2*s**2 - 1/12*s**4 + 0 - 1/2*s**3. What is d(-3)?
-4
Let b = 208 + -203. Suppose 2*i = 4*i + 8, b*i = 5*j + 20. Let a(n) = -n**2 - 8*n - 5. What is a(j)?
-5
Let s(k) = 12*k**2 - k - 6. Let f(o) = 24*o**2 - 2*o - 13. Let m(w) = w**3 + 10*w**2 - 2*w - 14. Let a be m(-10). Let r(d) = a*f(d) - 13*s(d). Give r(1).
-11
Suppose 0 = 98*g - 117*g + 760. Suppose -3*s = -2*j + 27, 7*s + 5*j - g = 12*s. Let l(c) = c + 17. Determine l(s).
6
Let x(s) = 2*s**3 - 10*s**2 - 3*s + 13. Let p be x(4). Let i = 30 + p. Let d(c) = c - 1 - c + 4*c**2 - 3*c**2 + 8*c**3. Calculate d(i).
-8
Let b(r) be the second derivative of 0 + 156*r + 1/12*r**4 - 5/6*r**3 + 0*r**2. What is b(3)?
-6
Let w be (-9 - -10)*2*1. Suppose -2*d - 8 = -w*f, -14 = 5*d - 4*f + 2. Let z(x) be the first derivative of x**3/3 + x**2/2 - 4*x - 44. Give z(d).
-4
Let k = 949 - 957. Let q(d) = 12*d - 3. What is q(k)?
-